{"version":"1.0","provider_name":"CargoM","provider_url":"https:\/\/www.cargo-montreal.ca\/fr\/","author_name":"Karine Dudognon","author_url":"https:\/\/www.cargo-montreal.ca\/fr\/author\/karine\/","title":"AGA 2025 de CargoM - CargoM","type":"rich","width":600,"height":338,"html":"<blockquote class=\"wp-embedded-content\" data-secret=\"kAQOKfhT6g\"><a href=\"https:\/\/www.cargo-montreal.ca\/fr\/aga-2025-de-cargom-2\/\">AGA 2025 de CargoM<\/a><\/blockquote><iframe sandbox=\"allow-scripts\" security=\"restricted\" src=\"https:\/\/www.cargo-montreal.ca\/fr\/aga-2025-de-cargom-2\/embed\/#?secret=kAQOKfhT6g\" width=\"600\" height=\"338\" title=\"\u00ab\u00a0AGA 2025 de CargoM\u00a0\u00bb &#8212; CargoM\" data-secret=\"kAQOKfhT6g\" frameborder=\"0\" marginwidth=\"0\" marginheight=\"0\" scrolling=\"no\" class=\"wp-embedded-content\"><\/iframe><script type=\"text\/javascript\">\n\/* <![CDATA[ *\/\n\/*! This file is auto-generated *\/\n!function(d,l){\"use strict\";l.querySelector&&d.addEventListener&&\"undefined\"!=typeof URL&&(d.wp=d.wp||{},d.wp.receiveEmbedMessage||(d.wp.receiveEmbedMessage=function(e){var t=e.data;if((t||t.secret||t.message||t.value)&&!\/[^a-zA-Z0-9]\/.test(t.secret)){for(var s,r,n,a=l.querySelectorAll('iframe[data-secret=\"'+t.secret+'\"]'),o=l.querySelectorAll('blockquote[data-secret=\"'+t.secret+'\"]'),c=new RegExp(\"^https?:$\",\"i\"),i=0;i<o.length;i++)o[i].style.display=\"none\";for(i=0;i<a.length;i++)s=a[i],e.source===s.contentWindow&&(s.removeAttribute(\"style\"),\"height\"===t.message?(1e3<(r=parseInt(t.value,10))?r=1e3:~~r<200&&(r=200),s.height=r):\"link\"===t.message&&(r=new URL(s.getAttribute(\"src\")),n=new URL(t.value),c.test(n.protocol))&&n.host===r.host&&l.activeElement===s&&(d.top.location.href=t.value))}},d.addEventListener(\"message\",d.wp.receiveEmbedMessage,!1),l.addEventListener(\"DOMContentLoaded\",function(){for(var e,t,s=l.querySelectorAll(\"iframe.wp-embedded-content\"),r=0;r<s.length;r++)(t=(e=s[r]).getAttribute(\"data-secret\"))||(t=Math.random().toString(36).substring(2,12),e.src+=\"#?secret=\"+t,e.setAttribute(\"data-secret\",t)),e.contentWindow.postMessage({message:\"ready\",secret:t},\"*\")},!1)))}(window,document);\n\/\/# sourceURL=https:\/\/www.cargo-montreal.ca\/wp-includes\/js\/wp-embed.min.js\n\/* ]]> *\/\n<\/script>\n","thumbnail_url":"https:\/\/www.cargo-montreal.ca\/wp-content\/uploads\/2025\/06\/Capture-decran-2025-06-25-075045.png","thumbnail_width":566,"thumbnail_height":728,"description":"Le 3 juin dernier CargoM\u00a0d\u00e9voilait son\u00a0bilan 2024-2025\u00a0lors de son Assembl\u00e9e g\u00e9n\u00e9rale annuelle. Ce rendez-vous a aussi marqu\u00e9 le d\u00e9but d\u2019une nouvelle phase : CargoM 2.0, une d\u00e9marche ambitieuse qui nous projette vers l\u2019avenir avec une vision renouvel\u00e9e. Deux nouvelles administratrices ont \u00e9t\u00e9 \u00e9lues au conseil d\u2019administration de la grappe. Nous souhaitons la bienvenue \u00e0\u00a0Claudine Couture-Trudel, [&hellip;]"}

Le 3 juin dernier CargoM dévoilait son bilan 2024-2025 lors de son Assemblée générale annuelle. Ce rendez-vous a aussi marqué le début d’une nouvelle phase : CargoM 2.0, une démarche ambitieuse qui nous projette vers l’avenir avec une vision renouvelée. Deux nouvelles administratrices ont été élues au conseil d’administration de la grappe. Nous souhaitons la bienvenue à Claudine Couture-Trudel, [&hellip;]
