{"version":"1.0","provider_name":"CargoM","provider_url":"https:\/\/www.cargo-montreal.ca\/fr\/","author_name":"Karine Dudognon","author_url":"https:\/\/www.cargo-montreal.ca\/fr\/author\/karine\/","title":"Calendrier - CargoM","type":"rich","width":600,"height":338,"html":"<blockquote class=\"wp-embedded-content\" data-secret=\"ZSivwi29AD\"><a href=\"https:\/\/www.cargo-montreal.ca\/fr\/calendrier-3\/\">Calendrier<\/a><\/blockquote><iframe sandbox=\"allow-scripts\" security=\"restricted\" src=\"https:\/\/www.cargo-montreal.ca\/fr\/calendrier-3\/embed\/#?secret=ZSivwi29AD\" width=\"600\" height=\"338\" title=\"\u00ab\u00a0Calendrier\u00a0\u00bb &#8212; CargoM\" data-secret=\"ZSivwi29AD\" frameborder=\"0\" marginwidth=\"0\" marginheight=\"0\" scrolling=\"no\" class=\"wp-embedded-content\"><\/iframe><script type=\"text\/javascript\">\n\/* <![CDATA[ *\/\n\/*! This file is auto-generated *\/\n!function(d,l){\"use strict\";l.querySelector&&d.addEventListener&&\"undefined\"!=typeof URL&&(d.wp=d.wp||{},d.wp.receiveEmbedMessage||(d.wp.receiveEmbedMessage=function(e){var t=e.data;if((t||t.secret||t.message||t.value)&&!\/[^a-zA-Z0-9]\/.test(t.secret)){for(var s,r,n,a=l.querySelectorAll('iframe[data-secret=\"'+t.secret+'\"]'),o=l.querySelectorAll('blockquote[data-secret=\"'+t.secret+'\"]'),c=new RegExp(\"^https?:$\",\"i\"),i=0;i<o.length;i++)o[i].style.display=\"none\";for(i=0;i<a.length;i++)s=a[i],e.source===s.contentWindow&&(s.removeAttribute(\"style\"),\"height\"===t.message?(1e3<(r=parseInt(t.value,10))?r=1e3:~~r<200&&(r=200),s.height=r):\"link\"===t.message&&(r=new URL(s.getAttribute(\"src\")),n=new URL(t.value),c.test(n.protocol))&&n.host===r.host&&l.activeElement===s&&(d.top.location.href=t.value))}},d.addEventListener(\"message\",d.wp.receiveEmbedMessage,!1),l.addEventListener(\"DOMContentLoaded\",function(){for(var e,t,s=l.querySelectorAll(\"iframe.wp-embedded-content\"),r=0;r<s.length;r++)(t=(e=s[r]).getAttribute(\"data-secret\"))||(t=Math.random().toString(36).substring(2,12),e.src+=\"#?secret=\"+t,e.setAttribute(\"data-secret\",t)),e.contentWindow.postMessage({message:\"ready\",secret:t},\"*\")},!1)))}(window,document);\n\/\/# sourceURL=https:\/\/www.cargo-montreal.ca\/wp-includes\/js\/wp-embed.min.js\n\/* ]]> *\/\n<\/script>\n","thumbnail_url":"https:\/\/www.cargo-montreal.ca\/wp-content\/uploads\/2021\/09\/calendrier-scaled-e1631211612898.jpg","thumbnail_width":1800,"thumbnail_height":1800,"description":"Ne manquez pas les \u00e9v\u00e9nements suivants. Si vous souhaitez que CargoM ajoute votre \u00e9v\u00e9nement \u00e0 son\u00a0calendrier, contactez Mme\u00a0Karine Dudognon. 23 f\u00e9vrier 2022 \u2013\u00a0L\u2019expertise qu\u00e9b\u00e9coise en gestion de projets\u00a0\u2013 KHEOPS 23 f\u00e9vrier 2022 \u2013\u00a0Comment pr\u00e9parer l&rsquo;\u00e9conomie du futur au d\u00e9veloppement durable\u00a0\u2013\u00a0CCMM 28 au 30 avril 2022 \u2013\u00a0Congr\u00e8s annuel : L&rsquo;humain, le moteur de notre industrie\u00a0\u2013\u00a0Association du [&hellip;]"}

Ne manquez pas les événements suivants. Si vous souhaitez que CargoM ajoute votre événement à son calendrier, contactez Mme Karine Dudognon. 23 février 2022 – L’expertise québécoise en gestion de projets – KHEOPS 23 février 2022 – Comment préparer l&rsquo;économie du futur au développement durable – CCMM 28 au 30 avril 2022 – Congrès annuel : L&rsquo;humain, le moteur de notre industrie – Association du [&hellip;]
