{"version":"1.0","provider_name":"CargoM","provider_url":"https:\/\/www.cargo-montreal.ca\/fr\/","author_name":"Karine Dudognon","author_url":"https:\/\/www.cargo-montreal.ca\/fr\/author\/karine\/","title":"Covid-19 - CargoM","type":"rich","width":600,"height":338,"html":"<blockquote class=\"wp-embedded-content\" data-secret=\"ykiwWrw5cd\"><a href=\"https:\/\/www.cargo-montreal.ca\/fr\/covid-19-6\/\">Covid-19<\/a><\/blockquote><iframe sandbox=\"allow-scripts\" security=\"restricted\" src=\"https:\/\/www.cargo-montreal.ca\/fr\/covid-19-6\/embed\/#?secret=ykiwWrw5cd\" width=\"600\" height=\"338\" title=\"\u00ab\u00a0Covid-19\u00a0\u00bb &#8212; CargoM\" data-secret=\"ykiwWrw5cd\" frameborder=\"0\" marginwidth=\"0\" marginheight=\"0\" scrolling=\"no\" class=\"wp-embedded-content\"><\/iframe><script type=\"text\/javascript\">\n\/* <![CDATA[ *\/\n\/*! This file is auto-generated *\/\n!function(d,l){\"use strict\";l.querySelector&&d.addEventListener&&\"undefined\"!=typeof URL&&(d.wp=d.wp||{},d.wp.receiveEmbedMessage||(d.wp.receiveEmbedMessage=function(e){var t=e.data;if((t||t.secret||t.message||t.value)&&!\/[^a-zA-Z0-9]\/.test(t.secret)){for(var s,r,n,a=l.querySelectorAll('iframe[data-secret=\"'+t.secret+'\"]'),o=l.querySelectorAll('blockquote[data-secret=\"'+t.secret+'\"]'),c=new RegExp(\"^https?:$\",\"i\"),i=0;i<o.length;i++)o[i].style.display=\"none\";for(i=0;i<a.length;i++)s=a[i],e.source===s.contentWindow&&(s.removeAttribute(\"style\"),\"height\"===t.message?(1e3<(r=parseInt(t.value,10))?r=1e3:~~r<200&&(r=200),s.height=r):\"link\"===t.message&&(r=new URL(s.getAttribute(\"src\")),n=new URL(t.value),c.test(n.protocol))&&n.host===r.host&&l.activeElement===s&&(d.top.location.href=t.value))}},d.addEventListener(\"message\",d.wp.receiveEmbedMessage,!1),l.addEventListener(\"DOMContentLoaded\",function(){for(var e,t,s=l.querySelectorAll(\"iframe.wp-embedded-content\"),r=0;r<s.length;r++)(t=(e=s[r]).getAttribute(\"data-secret\"))||(t=Math.random().toString(36).substring(2,12),e.src+=\"#?secret=\"+t,e.setAttribute(\"data-secret\",t)),e.contentWindow.postMessage({message:\"ready\",secret:t},\"*\")},!1)))}(window,document);\n\/\/# sourceURL=https:\/\/www.cargo-montreal.ca\/wp-includes\/js\/wp-embed.min.js\n\/* ]]> *\/\n<\/script>\n","thumbnail_url":"https:\/\/www.cargo-montreal.ca\/wp-content\/uploads\/2022\/02\/covid-19-4939288_960_720.jpg","thumbnail_width":960,"thumbnail_height":640,"description":"Mesures en vigueur Except\u00e9 les\u00a0exigences quant \u00e0 la vaccination des camionneurs, les activit\u00e9s \u00e9conomiques relatives \u00e0 la logistique et au transport de marchandises se poursuivent normalement. \u00c0 partir du 28 f\u00e9vrier le t\u00e9l\u00e9travail sera sugg\u00e9r\u00e9 et non plus obligatoire. Liens utiles Dose additionnelle ou dose de rappel du vaccin contre la COVID-19 Retour au travail [&hellip;]"}

Mesures en vigueur Excepté les exigences quant à la vaccination des camionneurs, les activités économiques relatives à la logistique et au transport de marchandises se poursuivent normalement. À partir du 28 février le télétravail sera suggéré et non plus obligatoire. Liens utiles Dose additionnelle ou dose de rappel du vaccin contre la COVID-19 Retour au travail [&hellip;]
