{"version":"1.0","provider_name":"CargoM","provider_url":"https:\/\/www.cargo-montreal.ca\/fr\/","author_name":"Karine Dudognon","author_url":"https:\/\/www.cargo-montreal.ca\/fr\/author\/karine\/","title":"Formations : C\u00e9gep Andr\u00e9-Laurendeau - CargoM","type":"rich","width":600,"height":338,"html":"<blockquote class=\"wp-embedded-content\" data-secret=\"k78ivr8TIn\"><a href=\"https:\/\/www.cargo-montreal.ca\/fr\/formations-cegep-andre-laurendeau-11\/\">Formations : C\u00e9gep Andr\u00e9-Laurendeau<\/a><\/blockquote><iframe sandbox=\"allow-scripts\" security=\"restricted\" src=\"https:\/\/www.cargo-montreal.ca\/fr\/formations-cegep-andre-laurendeau-11\/embed\/#?secret=k78ivr8TIn\" width=\"600\" height=\"338\" title=\"\u00ab\u00a0Formations : C\u00e9gep Andr\u00e9-Laurendeau\u00a0\u00bb &#8212; CargoM\" data-secret=\"k78ivr8TIn\" frameborder=\"0\" marginwidth=\"0\" marginheight=\"0\" scrolling=\"no\" class=\"wp-embedded-content\"><\/iframe><script type=\"text\/javascript\">\n\/* <![CDATA[ *\/\n\/*! This file is auto-generated *\/\n!function(d,l){\"use strict\";l.querySelector&&d.addEventListener&&\"undefined\"!=typeof URL&&(d.wp=d.wp||{},d.wp.receiveEmbedMessage||(d.wp.receiveEmbedMessage=function(e){var t=e.data;if((t||t.secret||t.message||t.value)&&!\/[^a-zA-Z0-9]\/.test(t.secret)){for(var s,r,n,a=l.querySelectorAll('iframe[data-secret=\"'+t.secret+'\"]'),o=l.querySelectorAll('blockquote[data-secret=\"'+t.secret+'\"]'),c=new RegExp(\"^https?:$\",\"i\"),i=0;i<o.length;i++)o[i].style.display=\"none\";for(i=0;i<a.length;i++)s=a[i],e.source===s.contentWindow&&(s.removeAttribute(\"style\"),\"height\"===t.message?(1e3<(r=parseInt(t.value,10))?r=1e3:~~r<200&&(r=200),s.height=r):\"link\"===t.message&&(r=new URL(s.getAttribute(\"src\")),n=new URL(t.value),c.test(n.protocol))&&n.host===r.host&&l.activeElement===s&&(d.top.location.href=t.value))}},d.addEventListener(\"message\",d.wp.receiveEmbedMessage,!1),l.addEventListener(\"DOMContentLoaded\",function(){for(var e,t,s=l.querySelectorAll(\"iframe.wp-embedded-content\"),r=0;r<s.length;r++)(t=(e=s[r]).getAttribute(\"data-secret\"))||(t=Math.random().toString(36).substring(2,12),e.src+=\"#?secret=\"+t,e.setAttribute(\"data-secret\",t)),e.contentWindow.postMessage({message:\"ready\",secret:t},\"*\")},!1)))}(window,document);\n\/\/# sourceURL=https:\/\/www.cargo-montreal.ca\/wp-includes\/js\/wp-embed.min.js\n\/* ]]> *\/\n<\/script>\n","thumbnail_url":"https:\/\/www.cargo-montreal.ca\/wp-content\/uploads\/2024\/11\/FC-Andreg-Laurendeau-1.jpg","thumbnail_width":1000,"thumbnail_height":333,"description":"Attestation d\u2019\u00e9tude coll\u00e9giale (AEC) 28 avril 2025 au 3 juillet 2026 \u2013\u00a0Logistique du transport Perfectionnement \u00a0 9 avr. au 11 juin 2025\u00a0&#8211;\u00a0Les processus d\u2019import-export au Canada\u00a0 Programme\u00a0Montez de niveau 11 mars au 15 avril 2025\u00a0\u2013\u00a0\u00a0L\u2019optimisation des espaces d\u2019entreposage ou de distribution 15 mars au 31 mai 2025 \u2013\u00a0Les proc\u00e9dures douani\u00e8res am\u00e9ricaines 12 avril au 10 [&hellip;]"}

Formations : Cégep André-Laurendeau - CargoM

<blockquote class="wp-embedded-content" data-secret="k78ivr8TIn"><a href="https://www.cargo-montreal.ca/fr/formations-cegep-andre-laurendeau-11/">Formations : Cégep André-Laurendeau</a></blockquote><iframe sandbox="allow-scripts" security="restricted" src="https://www.cargo-montreal.ca/fr/formations-cegep-andre-laurendeau-11/embed/#?secret=k78ivr8TIn" width="600" height="338" title="« Formations : Cégep André-Laurendeau » &#8212; CargoM" data-secret="k78ivr8TIn" frameborder="0" marginwidth="0" marginheight="0" scrolling="no" class="wp-embedded-content"></iframe><script type="text/javascript">
/* <![CDATA[ */
/*! This file is auto-generated */
!function(d,l){"use strict";l.querySelector&&d.addEventListener&&"undefined"!=typeof URL&&(d.wp=d.wp||{},d.wp.receiveEmbedMessage||(d.wp.receiveEmbedMessage=function(e){var t=e.data;if((t||t.secret||t.message||t.value)&&!/[^a-zA-Z0-9]/.test(t.secret)){for(var s,r,n,a=l.querySelectorAll('iframe[data-secret="'+t.secret+'"]'),o=l.querySelectorAll('blockquote[data-secret="'+t.secret+'"]'),c=new RegExp("^https?:$","i"),i=0;i<o.length;i++)o[i].style.display="none";for(i=0;i<a.length;i++)s=a[i],e.source===s.contentWindow&&(s.removeAttribute("style"),"height"===t.message?(1e3<(r=parseInt(t.value,10))?r=1e3:~~r<200&&(r=200),s.height=r):"link"===t.message&&(r=new URL(s.getAttribute("src")),n=new URL(t.value),c.test(n.protocol))&&n.host===r.host&&l.activeElement===s&&(d.top.location.href=t.value))}},d.addEventListener("message",d.wp.receiveEmbedMessage,!1),l.addEventListener("DOMContentLoaded",function(){for(var e,t,s=l.querySelectorAll("iframe.wp-embedded-content"),r=0;r<s.length;r++)(t=(e=s[r]).getAttribute("data-secret"))||(t=Math.random().toString(36).substring(2,12),e.src+="#?secret="+t,e.setAttribute("data-secret",t)),e.contentWindow.postMessage({message:"ready",secret:t},"*")},!1)))}(window,document);
//# sourceURL=https://www.cargo-montreal.ca/wp-includes/js/wp-embed.min.js
/* ]]> */
</script>

Attestation d’étude collégiale (AEC) 28 avril 2025 au 3 juillet 2026 – Logistique du transport Perfectionnement   9 avr. au 11 juin 2025 &#8211; Les processus d’import-export au Canada  Programme Montez de niveau 11 mars au 15 avril 2025 –  L’optimisation des espaces d’entreposage ou de distribution 15 mars au 31 mai 2025 – Les procédures douanières américaines 12 avril au 10 [&hellip;]
