{"version":"1.0","provider_name":"CargoM","provider_url":"https:\/\/www.cargo-montreal.ca\/fr\/","author_name":"Karine Dudognon","author_url":"https:\/\/www.cargo-montreal.ca\/fr\/author\/karine\/","title":"Inscrivez votre entreprise \u00e0 Cap Saint-Laurent - CargoM","type":"rich","width":600,"height":338,"html":"<blockquote class=\"wp-embedded-content\" data-secret=\"J6uRTfKpJX\"><a href=\"https:\/\/www.cargo-montreal.ca\/fr\/inscrivez-votre-entreprise-a-cap-saint-laurent\/\">Inscrivez votre entreprise \u00e0 Cap Saint-Laurent<\/a><\/blockquote><iframe sandbox=\"allow-scripts\" security=\"restricted\" src=\"https:\/\/www.cargo-montreal.ca\/fr\/inscrivez-votre-entreprise-a-cap-saint-laurent\/embed\/#?secret=J6uRTfKpJX\" width=\"600\" height=\"338\" title=\"\u00ab\u00a0Inscrivez votre entreprise \u00e0 Cap Saint-Laurent\u00a0\u00bb &#8212; CargoM\" data-secret=\"J6uRTfKpJX\" frameborder=\"0\" marginwidth=\"0\" marginheight=\"0\" scrolling=\"no\" class=\"wp-embedded-content\"><\/iframe><script type=\"text\/javascript\">\n\/* <![CDATA[ *\/\n\/*! This file is auto-generated *\/\n!function(d,l){\"use strict\";l.querySelector&&d.addEventListener&&\"undefined\"!=typeof URL&&(d.wp=d.wp||{},d.wp.receiveEmbedMessage||(d.wp.receiveEmbedMessage=function(e){var t=e.data;if((t||t.secret||t.message||t.value)&&!\/[^a-zA-Z0-9]\/.test(t.secret)){for(var s,r,n,a=l.querySelectorAll('iframe[data-secret=\"'+t.secret+'\"]'),o=l.querySelectorAll('blockquote[data-secret=\"'+t.secret+'\"]'),c=new RegExp(\"^https?:$\",\"i\"),i=0;i<o.length;i++)o[i].style.display=\"none\";for(i=0;i<a.length;i++)s=a[i],e.source===s.contentWindow&&(s.removeAttribute(\"style\"),\"height\"===t.message?(1e3<(r=parseInt(t.value,10))?r=1e3:~~r<200&&(r=200),s.height=r):\"link\"===t.message&&(r=new URL(s.getAttribute(\"src\")),n=new URL(t.value),c.test(n.protocol))&&n.host===r.host&&l.activeElement===s&&(d.top.location.href=t.value))}},d.addEventListener(\"message\",d.wp.receiveEmbedMessage,!1),l.addEventListener(\"DOMContentLoaded\",function(){for(var e,t,s=l.querySelectorAll(\"iframe.wp-embedded-content\"),r=0;r<s.length;r++)(t=(e=s[r]).getAttribute(\"data-secret\"))||(t=Math.random().toString(36).substring(2,12),e.src+=\"#?secret=\"+t,e.setAttribute(\"data-secret\",t)),e.contentWindow.postMessage({message:\"ready\",secret:t},\"*\")},!1)))}(window,document);\n\/\/# sourceURL=https:\/\/www.cargo-montreal.ca\/wp-includes\/js\/wp-embed.min.js\n\/* ]]> *\/\n<\/script>\n","thumbnail_url":"https:\/\/www.cargo-montreal.ca\/wp-content\/uploads\/2024\/04\/Cap-St-Laurent-Version-2-sans-texte-scaled.jpg","thumbnail_width":2560,"thumbnail_height":1097,"description":"En mai 2023,\u00a0CargoM et la\u00a0Soci\u00e9t\u00e9 de d\u00e9veloppement \u00e9conomique du Saint-Laurent (SODES)\u00a0lan\u00e7aient\u00a0Cap Saint-Laurent,\u00a0catalogue des acteurs et partenaires du secteur maritime et portuaire qu\u00e9b\u00e9cois. CargoM invite toutes les entreprises et les acteurs du secteur maritime \u00e0 s\u2019inscrire au r\u00e9pertoire de l\u2019outil qui permet\u00a0de positionner mondialement les avantages strat\u00e9giques du Saint-Laurent de m\u00eame que l\u2019expertise qu\u00e9b\u00e9coise. Financ\u00e9 par [&hellip;]"}

Inscrivez votre entreprise à Cap Saint-Laurent - CargoM

<blockquote class="wp-embedded-content" data-secret="J6uRTfKpJX"><a href="https://www.cargo-montreal.ca/fr/inscrivez-votre-entreprise-a-cap-saint-laurent/">Inscrivez votre entreprise à Cap Saint-Laurent</a></blockquote><iframe sandbox="allow-scripts" security="restricted" src="https://www.cargo-montreal.ca/fr/inscrivez-votre-entreprise-a-cap-saint-laurent/embed/#?secret=J6uRTfKpJX" width="600" height="338" title="« Inscrivez votre entreprise à Cap Saint-Laurent » &#8212; CargoM" data-secret="J6uRTfKpJX" frameborder="0" marginwidth="0" marginheight="0" scrolling="no" class="wp-embedded-content"></iframe><script type="text/javascript">
/* <![CDATA[ */
/*! This file is auto-generated */
!function(d,l){"use strict";l.querySelector&&d.addEventListener&&"undefined"!=typeof URL&&(d.wp=d.wp||{},d.wp.receiveEmbedMessage||(d.wp.receiveEmbedMessage=function(e){var t=e.data;if((t||t.secret||t.message||t.value)&&!/[^a-zA-Z0-9]/.test(t.secret)){for(var s,r,n,a=l.querySelectorAll('iframe[data-secret="'+t.secret+'"]'),o=l.querySelectorAll('blockquote[data-secret="'+t.secret+'"]'),c=new RegExp("^https?:$","i"),i=0;i<o.length;i++)o[i].style.display="none";for(i=0;i<a.length;i++)s=a[i],e.source===s.contentWindow&&(s.removeAttribute("style"),"height"===t.message?(1e3<(r=parseInt(t.value,10))?r=1e3:~~r<200&&(r=200),s.height=r):"link"===t.message&&(r=new URL(s.getAttribute("src")),n=new URL(t.value),c.test(n.protocol))&&n.host===r.host&&l.activeElement===s&&(d.top.location.href=t.value))}},d.addEventListener("message",d.wp.receiveEmbedMessage,!1),l.addEventListener("DOMContentLoaded",function(){for(var e,t,s=l.querySelectorAll("iframe.wp-embedded-content"),r=0;r<s.length;r++)(t=(e=s[r]).getAttribute("data-secret"))||(t=Math.random().toString(36).substring(2,12),e.src+="#?secret="+t,e.setAttribute("data-secret",t)),e.contentWindow.postMessage({message:"ready",secret:t},"*")},!1)))}(window,document);
//# sourceURL=https://www.cargo-montreal.ca/wp-includes/js/wp-embed.min.js
/* ]]> */
</script>

En mai 2023, CargoM et la Société de développement économique du Saint-Laurent (SODES) lançaient Cap Saint-Laurent, catalogue des acteurs et partenaires du secteur maritime et portuaire québécois. CargoM invite toutes les entreprises et les acteurs du secteur maritime à s’inscrire au répertoire de l’outil qui permet de positionner mondialement les avantages stratégiques du Saint-Laurent de même que l’expertise québécoise. Financé par [&hellip;]
