{"version":"1.0","provider_name":"CargoM","provider_url":"https:\/\/www.cargo-montreal.ca\/fr\/","author_name":"Karine Dudognon","author_url":"https:\/\/www.cargo-montreal.ca\/fr\/author\/karine\/","title":"Lancement du Centre zone franche - CargoM","type":"rich","width":600,"height":338,"html":"<blockquote class=\"wp-embedded-content\" data-secret=\"XmBtzHr4Ja\"><a href=\"https:\/\/www.cargo-montreal.ca\/fr\/lancement-du-centre-zone-franche\/\">Lancement du Centre zone franche<\/a><\/blockquote><iframe sandbox=\"allow-scripts\" security=\"restricted\" src=\"https:\/\/www.cargo-montreal.ca\/fr\/lancement-du-centre-zone-franche\/embed\/#?secret=XmBtzHr4Ja\" width=\"600\" height=\"338\" title=\"\u00ab\u00a0Lancement du Centre zone franche\u00a0\u00bb &#8212; CargoM\" data-secret=\"XmBtzHr4Ja\" frameborder=\"0\" marginwidth=\"0\" marginheight=\"0\" scrolling=\"no\" class=\"wp-embedded-content\"><\/iframe><script type=\"text\/javascript\">\n\/* <![CDATA[ *\/\n\/*! This file is auto-generated *\/\n!function(d,l){\"use strict\";l.querySelector&&d.addEventListener&&\"undefined\"!=typeof URL&&(d.wp=d.wp||{},d.wp.receiveEmbedMessage||(d.wp.receiveEmbedMessage=function(e){var t=e.data;if((t||t.secret||t.message||t.value)&&!\/[^a-zA-Z0-9]\/.test(t.secret)){for(var s,r,n,a=l.querySelectorAll('iframe[data-secret=\"'+t.secret+'\"]'),o=l.querySelectorAll('blockquote[data-secret=\"'+t.secret+'\"]'),c=new RegExp(\"^https?:$\",\"i\"),i=0;i<o.length;i++)o[i].style.display=\"none\";for(i=0;i<a.length;i++)s=a[i],e.source===s.contentWindow&&(s.removeAttribute(\"style\"),\"height\"===t.message?(1e3<(r=parseInt(t.value,10))?r=1e3:~~r<200&&(r=200),s.height=r):\"link\"===t.message&&(r=new URL(s.getAttribute(\"src\")),n=new URL(t.value),c.test(n.protocol))&&n.host===r.host&&l.activeElement===s&&(d.top.location.href=t.value))}},d.addEventListener(\"message\",d.wp.receiveEmbedMessage,!1),l.addEventListener(\"DOMContentLoaded\",function(){for(var e,t,s=l.querySelectorAll(\"iframe.wp-embedded-content\"),r=0;r<s.length;r++)(t=(e=s[r]).getAttribute(\"data-secret\"))||(t=Math.random().toString(36).substring(2,12),e.src+=\"#?secret=\"+t,e.setAttribute(\"data-secret\",t)),e.contentWindow.postMessage({message:\"ready\",secret:t},\"*\")},!1)))}(window,document);\n\/\/# sourceURL=https:\/\/www.cargo-montreal.ca\/wp-includes\/js\/wp-embed.min.js\n\/* ]]> *\/\n<\/script>\n","thumbnail_url":"https:\/\/www.cargo-montreal.ca\/wp-content\/uploads\/2019\/08\/20190722_100330.jpg","thumbnail_width":2708,"thumbnail_height":1347,"description":"Le 22 juillet dernier, CargoM et ses partenaires, \u00e9taient fiers d\u2019annoncer, en compagnie de l\u2019honorable Marc Garneau, ministre des Transports du Canada, la d\u00e9signation de Centre zone franche pour le territoire de la communaut\u00e9 m\u00e9tropolitaine de Montr\u00e9al. Cr\u00e9\u00e9 dans l\u2019objectif de promouvoir notre industrie, son mandat sera \u00e9galement de soutenir le commerce local et les [&hellip;]"}

Le 22 juillet dernier, CargoM et ses partenaires, étaient fiers d’annoncer, en compagnie de l’honorable Marc Garneau, ministre des Transports du Canada, la désignation de Centre zone franche pour le territoire de la communauté métropolitaine de Montréal. Créé dans l’objectif de promouvoir notre industrie, son mandat sera également de soutenir le commerce local et les [&hellip;]
