{"version":"1.0","provider_name":"CargoM","provider_url":"https:\/\/www.cargo-montreal.ca\/fr\/","author_name":"Karine Dudognon","author_url":"https:\/\/www.cargo-montreal.ca\/fr\/author\/karine\/","title":"Enqu\u00eate sur les espaces industriels - CargoM","type":"rich","width":600,"height":338,"html":"<blockquote class=\"wp-embedded-content\" data-secret=\"NpYR09OLSN\"><a href=\"https:\/\/www.cargo-montreal.ca\/fr\/new-enquete-sur-les-espaces-industriels\/\">Enqu\u00eate sur les espaces industriels<\/a><\/blockquote><iframe sandbox=\"allow-scripts\" security=\"restricted\" src=\"https:\/\/www.cargo-montreal.ca\/fr\/new-enquete-sur-les-espaces-industriels\/embed\/#?secret=NpYR09OLSN\" width=\"600\" height=\"338\" title=\"\u00ab\u00a0Enqu\u00eate sur les espaces industriels\u00a0\u00bb &#8212; CargoM\" data-secret=\"NpYR09OLSN\" frameborder=\"0\" marginwidth=\"0\" marginheight=\"0\" scrolling=\"no\" class=\"wp-embedded-content\"><\/iframe><script type=\"text\/javascript\">\n\/* <![CDATA[ *\/\n\/*! This file is auto-generated *\/\n!function(d,l){\"use strict\";l.querySelector&&d.addEventListener&&\"undefined\"!=typeof URL&&(d.wp=d.wp||{},d.wp.receiveEmbedMessage||(d.wp.receiveEmbedMessage=function(e){var t=e.data;if((t||t.secret||t.message||t.value)&&!\/[^a-zA-Z0-9]\/.test(t.secret)){for(var s,r,n,a=l.querySelectorAll('iframe[data-secret=\"'+t.secret+'\"]'),o=l.querySelectorAll('blockquote[data-secret=\"'+t.secret+'\"]'),c=new RegExp(\"^https?:$\",\"i\"),i=0;i<o.length;i++)o[i].style.display=\"none\";for(i=0;i<a.length;i++)s=a[i],e.source===s.contentWindow&&(s.removeAttribute(\"style\"),\"height\"===t.message?(1e3<(r=parseInt(t.value,10))?r=1e3:~~r<200&&(r=200),s.height=r):\"link\"===t.message&&(r=new URL(s.getAttribute(\"src\")),n=new URL(t.value),c.test(n.protocol))&&n.host===r.host&&l.activeElement===s&&(d.top.location.href=t.value))}},d.addEventListener(\"message\",d.wp.receiveEmbedMessage,!1),l.addEventListener(\"DOMContentLoaded\",function(){for(var e,t,s=l.querySelectorAll(\"iframe.wp-embedded-content\"),r=0;r<s.length;r++)(t=(e=s[r]).getAttribute(\"data-secret\"))||(t=Math.random().toString(36).substring(2,12),e.src+=\"#?secret=\"+t,e.setAttribute(\"data-secret\",t)),e.contentWindow.postMessage({message:\"ready\",secret:t},\"*\")},!1)))}(window,document);\n\/\/# sourceURL=https:\/\/www.cargo-montreal.ca\/wp-includes\/js\/wp-embed.min.js\n\/* ]]> *\/\n<\/script>\n","thumbnail_url":"https:\/\/www.cargo-montreal.ca\/wp-content\/uploads\/2022\/05\/Questionnaire-1.jpg","thumbnail_width":1553,"thumbnail_height":794,"description":"La Communaut\u00e9 m\u00e9tropolitaine de Montr\u00e9al (CMM)\u00a0a mandat\u00e9, en collaboration avec plusieurs municipalit\u00e9s locales et r\u00e9gionales ainsi que des organismes responsables du d\u00e9veloppement \u00e9conomique, la firme Sia Partners afin de r\u00e9aliser une \u00e9tude sur la planification des espaces industriels qui tient compte des d\u00e9placements de marchandises. Cette \u00e9tude a notamment pour objectif de mettre en place [&hellip;]"}

Enquête sur les espaces industriels - CargoM

<blockquote class="wp-embedded-content" data-secret="NpYR09OLSN"><a href="https://www.cargo-montreal.ca/fr/new-enquete-sur-les-espaces-industriels/">Enquête sur les espaces industriels</a></blockquote><iframe sandbox="allow-scripts" security="restricted" src="https://www.cargo-montreal.ca/fr/new-enquete-sur-les-espaces-industriels/embed/#?secret=NpYR09OLSN" width="600" height="338" title="« Enquête sur les espaces industriels » &#8212; CargoM" data-secret="NpYR09OLSN" frameborder="0" marginwidth="0" marginheight="0" scrolling="no" class="wp-embedded-content"></iframe><script type="text/javascript">
/* <![CDATA[ */
/*! This file is auto-generated */
!function(d,l){"use strict";l.querySelector&&d.addEventListener&&"undefined"!=typeof URL&&(d.wp=d.wp||{},d.wp.receiveEmbedMessage||(d.wp.receiveEmbedMessage=function(e){var t=e.data;if((t||t.secret||t.message||t.value)&&!/[^a-zA-Z0-9]/.test(t.secret)){for(var s,r,n,a=l.querySelectorAll('iframe[data-secret="'+t.secret+'"]'),o=l.querySelectorAll('blockquote[data-secret="'+t.secret+'"]'),c=new RegExp("^https?:$","i"),i=0;i<o.length;i++)o[i].style.display="none";for(i=0;i<a.length;i++)s=a[i],e.source===s.contentWindow&&(s.removeAttribute("style"),"height"===t.message?(1e3<(r=parseInt(t.value,10))?r=1e3:~~r<200&&(r=200),s.height=r):"link"===t.message&&(r=new URL(s.getAttribute("src")),n=new URL(t.value),c.test(n.protocol))&&n.host===r.host&&l.activeElement===s&&(d.top.location.href=t.value))}},d.addEventListener("message",d.wp.receiveEmbedMessage,!1),l.addEventListener("DOMContentLoaded",function(){for(var e,t,s=l.querySelectorAll("iframe.wp-embedded-content"),r=0;r<s.length;r++)(t=(e=s[r]).getAttribute("data-secret"))||(t=Math.random().toString(36).substring(2,12),e.src+="#?secret="+t,e.setAttribute("data-secret",t)),e.contentWindow.postMessage({message:"ready",secret:t},"*")},!1)))}(window,document);
//# sourceURL=https://www.cargo-montreal.ca/wp-includes/js/wp-embed.min.js
/* ]]> */
</script>

La Communauté métropolitaine de Montréal (CMM) a mandaté, en collaboration avec plusieurs municipalités locales et régionales ainsi que des organismes responsables du développement économique, la firme Sia Partners afin de réaliser une étude sur la planification des espaces industriels qui tient compte des déplacements de marchandises. Cette étude a notamment pour objectif de mettre en place [&hellip;]
