{"version":"1.0","provider_name":"CargoM","provider_url":"https:\/\/www.cargo-montreal.ca\/fr\/","author_name":"Karine Dudognon","author_url":"https:\/\/www.cargo-montreal.ca\/fr\/author\/karine\/","title":"Prochaines rencontres des chantiers de CargoM - CargoM","type":"rich","width":600,"height":338,"html":"<blockquote class=\"wp-embedded-content\" data-secret=\"ydE66YhPoW\"><a href=\"https:\/\/www.cargo-montreal.ca\/fr\/prochaines-rencontres-des-chantiers-de-cargom\/\">Prochaines rencontres des chantiers de CargoM<\/a><\/blockquote><iframe sandbox=\"allow-scripts\" security=\"restricted\" src=\"https:\/\/www.cargo-montreal.ca\/fr\/prochaines-rencontres-des-chantiers-de-cargom\/embed\/#?secret=ydE66YhPoW\" width=\"600\" height=\"338\" title=\"\u00ab\u00a0Prochaines rencontres des chantiers de CargoM\u00a0\u00bb &#8212; CargoM\" data-secret=\"ydE66YhPoW\" frameborder=\"0\" marginwidth=\"0\" marginheight=\"0\" scrolling=\"no\" class=\"wp-embedded-content\"><\/iframe><script type=\"text\/javascript\">\n\/* <![CDATA[ *\/\n\/*! This file is auto-generated *\/\n!function(d,l){\"use strict\";l.querySelector&&d.addEventListener&&\"undefined\"!=typeof URL&&(d.wp=d.wp||{},d.wp.receiveEmbedMessage||(d.wp.receiveEmbedMessage=function(e){var t=e.data;if((t||t.secret||t.message||t.value)&&!\/[^a-zA-Z0-9]\/.test(t.secret)){for(var s,r,n,a=l.querySelectorAll('iframe[data-secret=\"'+t.secret+'\"]'),o=l.querySelectorAll('blockquote[data-secret=\"'+t.secret+'\"]'),c=new RegExp(\"^https?:$\",\"i\"),i=0;i<o.length;i++)o[i].style.display=\"none\";for(i=0;i<a.length;i++)s=a[i],e.source===s.contentWindow&&(s.removeAttribute(\"style\"),\"height\"===t.message?(1e3<(r=parseInt(t.value,10))?r=1e3:~~r<200&&(r=200),s.height=r):\"link\"===t.message&&(r=new URL(s.getAttribute(\"src\")),n=new URL(t.value),c.test(n.protocol))&&n.host===r.host&&l.activeElement===s&&(d.top.location.href=t.value))}},d.addEventListener(\"message\",d.wp.receiveEmbedMessage,!1),l.addEventListener(\"DOMContentLoaded\",function(){for(var e,t,s=l.querySelectorAll(\"iframe.wp-embedded-content\"),r=0;r<s.length;r++)(t=(e=s[r]).getAttribute(\"data-secret\"))||(t=Math.random().toString(36).substring(2,12),e.src+=\"#?secret=\"+t,e.setAttribute(\"data-secret\",t)),e.contentWindow.postMessage({message:\"ready\",secret:t},\"*\")},!1)))}(window,document);\n\/\/# sourceURL=https:\/\/www.cargo-montreal.ca\/wp-includes\/js\/wp-embed.min.js\n\/* ]]> *\/\n<\/script>\n","thumbnail_url":"https:\/\/www.cargo-montreal.ca\/wp-content\/uploads\/2022\/02\/Les-4-logos-1.jpg","thumbnail_width":906,"thumbnail_height":733,"description":"Les premi\u00e8res rencontres de l\u2019ann\u00e9e des chantiers auront lieu bient\u00f4t. Vous \u00eates membre de CargoM et vous souhaitez vous impliquer ? Venez prendre part \u00e0 nos travaux et \u00e0 nos orientations. \u00a017 mars 2022 (13h30 \u00e0 15h30)\u00a0\u2013\u00a0Chantier 4 \u2013 Main-d\u2019\u0153uvre \u00a024 mars 2022 (13h30 \u00e0 15h30) \u2013\u00a0Chantier 1 \u2013 Opportunit\u00e9s de d\u00e9veloppement sectoriel \u00a029 mars [&hellip;]"}

Les premières rencontres de l’année des chantiers auront lieu bientôt. Vous êtes membre de CargoM et vous souhaitez vous impliquer ? Venez prendre part à nos travaux et à nos orientations.  17 mars 2022 (13h30 à 15h30) – Chantier 4 – Main-d’œuvre  24 mars 2022 (13h30 à 15h30) – Chantier 1 – Opportunités de développement sectoriel  29 mars [&hellip;]
