{"version":"1.0","provider_name":"CargoM","provider_url":"https:\/\/www.cargo-montreal.ca\/fr\/","author_name":"Karine Dudognon","author_url":"https:\/\/www.cargo-montreal.ca\/fr\/author\/karine\/","title":"RDV de l\u2019Est : Transport et logistique - CargoM","type":"rich","width":600,"height":338,"html":"<blockquote class=\"wp-embedded-content\" data-secret=\"bezuDx1W0O\"><a href=\"https:\/\/www.cargo-montreal.ca\/fr\/rdv-de-lest-transport-et-logistique\/\">RDV de l\u2019Est : Transport et logistique<\/a><\/blockquote><iframe sandbox=\"allow-scripts\" security=\"restricted\" src=\"https:\/\/www.cargo-montreal.ca\/fr\/rdv-de-lest-transport-et-logistique\/embed\/#?secret=bezuDx1W0O\" width=\"600\" height=\"338\" title=\"\u00ab\u00a0RDV de l\u2019Est : Transport et logistique\u00a0\u00bb &#8212; CargoM\" data-secret=\"bezuDx1W0O\" frameborder=\"0\" marginwidth=\"0\" marginheight=\"0\" scrolling=\"no\" class=\"wp-embedded-content\"><\/iframe><script type=\"text\/javascript\">\n\/* <![CDATA[ *\/\n\/*! This file is auto-generated *\/\n!function(d,l){\"use strict\";l.querySelector&&d.addEventListener&&\"undefined\"!=typeof URL&&(d.wp=d.wp||{},d.wp.receiveEmbedMessage||(d.wp.receiveEmbedMessage=function(e){var t=e.data;if((t||t.secret||t.message||t.value)&&!\/[^a-zA-Z0-9]\/.test(t.secret)){for(var s,r,n,a=l.querySelectorAll('iframe[data-secret=\"'+t.secret+'\"]'),o=l.querySelectorAll('blockquote[data-secret=\"'+t.secret+'\"]'),c=new RegExp(\"^https?:$\",\"i\"),i=0;i<o.length;i++)o[i].style.display=\"none\";for(i=0;i<a.length;i++)s=a[i],e.source===s.contentWindow&&(s.removeAttribute(\"style\"),\"height\"===t.message?(1e3<(r=parseInt(t.value,10))?r=1e3:~~r<200&&(r=200),s.height=r):\"link\"===t.message&&(r=new URL(s.getAttribute(\"src\")),n=new URL(t.value),c.test(n.protocol))&&n.host===r.host&&l.activeElement===s&&(d.top.location.href=t.value))}},d.addEventListener(\"message\",d.wp.receiveEmbedMessage,!1),l.addEventListener(\"DOMContentLoaded\",function(){for(var e,t,s=l.querySelectorAll(\"iframe.wp-embedded-content\"),r=0;r<s.length;r++)(t=(e=s[r]).getAttribute(\"data-secret\"))||(t=Math.random().toString(36).substring(2,12),e.src+=\"#?secret=\"+t,e.setAttribute(\"data-secret\",t)),e.contentWindow.postMessage({message:\"ready\",secret:t},\"*\")},!1)))}(window,document);\n\/\/# sourceURL=https:\/\/www.cargo-montreal.ca\/wp-includes\/js\/wp-embed.min.js\n\/* ]]> *\/\n<\/script>\n","thumbnail_url":"https:\/\/www.cargo-montreal.ca\/wp-content\/uploads\/2023\/02\/RDV-transport.jpg","thumbnail_width":1200,"thumbnail_height":627,"description":"La\u00a0Chambre de commerce de l\u2019Est de Montr\u00e9al\u00a0r\u00e9unira des leaders, experts et repr\u00e9sentants du milieu politique\u00a0qui\u00a0viendront faire un \u00e9tat des lieux de la situation actuelle et examineront, entre autres, les enjeux et solutions permettant de renforcer la cha\u00eene d\u2019approvisionnement, mieux coordonner les chantiers de transport, en cours et \u00e0 venir, et acc\u00e9l\u00e9rer la d\u00e9carbonation de cette [&hellip;]"}

La Chambre de commerce de l’Est de Montréal réunira des leaders, experts et représentants du milieu politique qui viendront faire un état des lieux de la situation actuelle et examineront, entre autres, les enjeux et solutions permettant de renforcer la chaîne d’approvisionnement, mieux coordonner les chantiers de transport, en cours et à venir, et accélérer la décarbonation de cette [&hellip;]
