{"version":"1.0","provider_name":"CargoM","provider_url":"https:\/\/www.cargo-montreal.ca\/fr\/","author_name":"Karine Dudognon","author_url":"https:\/\/www.cargo-montreal.ca\/fr\/author\/karine\/","title":"Retour sur la Journ\u00e9e carri\u00e8res 2024 - CargoM","type":"rich","width":600,"height":338,"html":"<blockquote class=\"wp-embedded-content\" data-secret=\"1rcfmbTFGk\"><a href=\"https:\/\/www.cargo-montreal.ca\/fr\/retour-sur-la-journee-carrieres-2024\/\">Retour sur la Journ\u00e9e carri\u00e8res 2024<\/a><\/blockquote><iframe sandbox=\"allow-scripts\" security=\"restricted\" src=\"https:\/\/www.cargo-montreal.ca\/fr\/retour-sur-la-journee-carrieres-2024\/embed\/#?secret=1rcfmbTFGk\" width=\"600\" height=\"338\" title=\"\u00ab\u00a0Retour sur la Journ\u00e9e carri\u00e8res 2024\u00a0\u00bb &#8212; CargoM\" data-secret=\"1rcfmbTFGk\" frameborder=\"0\" marginwidth=\"0\" marginheight=\"0\" scrolling=\"no\" class=\"wp-embedded-content\"><\/iframe><script type=\"text\/javascript\">\n\/* <![CDATA[ *\/\n\/*! This file is auto-generated *\/\n!function(d,l){\"use strict\";l.querySelector&&d.addEventListener&&\"undefined\"!=typeof URL&&(d.wp=d.wp||{},d.wp.receiveEmbedMessage||(d.wp.receiveEmbedMessage=function(e){var t=e.data;if((t||t.secret||t.message||t.value)&&!\/[^a-zA-Z0-9]\/.test(t.secret)){for(var s,r,n,a=l.querySelectorAll('iframe[data-secret=\"'+t.secret+'\"]'),o=l.querySelectorAll('blockquote[data-secret=\"'+t.secret+'\"]'),c=new RegExp(\"^https?:$\",\"i\"),i=0;i<o.length;i++)o[i].style.display=\"none\";for(i=0;i<a.length;i++)s=a[i],e.source===s.contentWindow&&(s.removeAttribute(\"style\"),\"height\"===t.message?(1e3<(r=parseInt(t.value,10))?r=1e3:~~r<200&&(r=200),s.height=r):\"link\"===t.message&&(r=new URL(s.getAttribute(\"src\")),n=new URL(t.value),c.test(n.protocol))&&n.host===r.host&&l.activeElement===s&&(d.top.location.href=t.value))}},d.addEventListener(\"message\",d.wp.receiveEmbedMessage,!1),l.addEventListener(\"DOMContentLoaded\",function(){for(var e,t,s=l.querySelectorAll(\"iframe.wp-embedded-content\"),r=0;r<s.length;r++)(t=(e=s[r]).getAttribute(\"data-secret\"))||(t=Math.random().toString(36).substring(2,12),e.src+=\"#?secret=\"+t,e.setAttribute(\"data-secret\",t)),e.contentWindow.postMessage({message:\"ready\",secret:t},\"*\")},!1)))}(window,document);\n\/\/# sourceURL=https:\/\/www.cargo-montreal.ca\/wp-includes\/js\/wp-embed.min.js\n\/* ]]> *\/\n<\/script>\n","thumbnail_url":"https:\/\/www.cargo-montreal.ca\/wp-content\/uploads\/2024\/10\/Montage-JC-2024-Fr.jpg","thumbnail_width":974,"thumbnail_height":689,"description":"CargoM tenait, les 2 et 3 octobre derniers au Palais des congr\u00e8s de Montr\u00e9al, la 9e\u00a0\u00e9dition de sa Journ\u00e9e carri\u00e8res. L\u2019\u00e9v\u00e9nement, qui fait la promotion des m\u00e9tiers et des formations du secteur de la logistique et du transport de marchandises, \u00e9tait pr\u00e9sent\u00e9 cette ann\u00e9e en collaboration avec L\u2019\u00c9v\u00e9nement Carri\u00e8res, leader qu\u00e9b\u00e9cois dans l\u2019organisation de salons [&hellip;]"}

Retour sur la Journée carrières 2024 - CargoM

<blockquote class="wp-embedded-content" data-secret="1rcfmbTFGk"><a href="https://www.cargo-montreal.ca/fr/retour-sur-la-journee-carrieres-2024/">Retour sur la Journée carrières 2024</a></blockquote><iframe sandbox="allow-scripts" security="restricted" src="https://www.cargo-montreal.ca/fr/retour-sur-la-journee-carrieres-2024/embed/#?secret=1rcfmbTFGk" width="600" height="338" title="« Retour sur la Journée carrières 2024 » &#8212; CargoM" data-secret="1rcfmbTFGk" frameborder="0" marginwidth="0" marginheight="0" scrolling="no" class="wp-embedded-content"></iframe><script type="text/javascript">
/* <![CDATA[ */
/*! This file is auto-generated */
!function(d,l){"use strict";l.querySelector&&d.addEventListener&&"undefined"!=typeof URL&&(d.wp=d.wp||{},d.wp.receiveEmbedMessage||(d.wp.receiveEmbedMessage=function(e){var t=e.data;if((t||t.secret||t.message||t.value)&&!/[^a-zA-Z0-9]/.test(t.secret)){for(var s,r,n,a=l.querySelectorAll('iframe[data-secret="'+t.secret+'"]'),o=l.querySelectorAll('blockquote[data-secret="'+t.secret+'"]'),c=new RegExp("^https?:$","i"),i=0;i<o.length;i++)o[i].style.display="none";for(i=0;i<a.length;i++)s=a[i],e.source===s.contentWindow&&(s.removeAttribute("style"),"height"===t.message?(1e3<(r=parseInt(t.value,10))?r=1e3:~~r<200&&(r=200),s.height=r):"link"===t.message&&(r=new URL(s.getAttribute("src")),n=new URL(t.value),c.test(n.protocol))&&n.host===r.host&&l.activeElement===s&&(d.top.location.href=t.value))}},d.addEventListener("message",d.wp.receiveEmbedMessage,!1),l.addEventListener("DOMContentLoaded",function(){for(var e,t,s=l.querySelectorAll("iframe.wp-embedded-content"),r=0;r<s.length;r++)(t=(e=s[r]).getAttribute("data-secret"))||(t=Math.random().toString(36).substring(2,12),e.src+="#?secret="+t,e.setAttribute("data-secret",t)),e.contentWindow.postMessage({message:"ready",secret:t},"*")},!1)))}(window,document);
//# sourceURL=https://www.cargo-montreal.ca/wp-includes/js/wp-embed.min.js
/* ]]> */
</script>

CargoM tenait, les 2 et 3 octobre derniers au Palais des congrès de Montréal, la 9e édition de sa Journée carrières. L’événement, qui fait la promotion des métiers et des formations du secteur de la logistique et du transport de marchandises, était présenté cette année en collaboration avec L’Événement Carrières, leader québécois dans l’organisation de salons [&hellip;]
