{"version":"1.0","provider_name":"CargoM","provider_url":"https:\/\/www.cargo-montreal.ca\/fr\/","author_name":"Karine Dudognon","author_url":"https:\/\/www.cargo-montreal.ca\/fr\/author\/karine\/","title":"Revue de presse - CargoM","type":"rich","width":600,"height":338,"html":"<blockquote class=\"wp-embedded-content\" data-secret=\"wdKjcX58QE\"><a href=\"https:\/\/www.cargo-montreal.ca\/fr\/revue-de-presse-3\/\">Revue de presse<\/a><\/blockquote><iframe sandbox=\"allow-scripts\" security=\"restricted\" src=\"https:\/\/www.cargo-montreal.ca\/fr\/revue-de-presse-3\/embed\/#?secret=wdKjcX58QE\" width=\"600\" height=\"338\" title=\"\u00ab\u00a0Revue de presse\u00a0\u00bb &#8212; CargoM\" data-secret=\"wdKjcX58QE\" frameborder=\"0\" marginwidth=\"0\" marginheight=\"0\" scrolling=\"no\" class=\"wp-embedded-content\"><\/iframe><script type=\"text\/javascript\">\n\/* <![CDATA[ *\/\n\/*! This file is auto-generated *\/\n!function(d,l){\"use strict\";l.querySelector&&d.addEventListener&&\"undefined\"!=typeof URL&&(d.wp=d.wp||{},d.wp.receiveEmbedMessage||(d.wp.receiveEmbedMessage=function(e){var t=e.data;if((t||t.secret||t.message||t.value)&&!\/[^a-zA-Z0-9]\/.test(t.secret)){for(var s,r,n,a=l.querySelectorAll('iframe[data-secret=\"'+t.secret+'\"]'),o=l.querySelectorAll('blockquote[data-secret=\"'+t.secret+'\"]'),c=new RegExp(\"^https?:$\",\"i\"),i=0;i<o.length;i++)o[i].style.display=\"none\";for(i=0;i<a.length;i++)s=a[i],e.source===s.contentWindow&&(s.removeAttribute(\"style\"),\"height\"===t.message?(1e3<(r=parseInt(t.value,10))?r=1e3:~~r<200&&(r=200),s.height=r):\"link\"===t.message&&(r=new URL(s.getAttribute(\"src\")),n=new URL(t.value),c.test(n.protocol))&&n.host===r.host&&l.activeElement===s&&(d.top.location.href=t.value))}},d.addEventListener(\"message\",d.wp.receiveEmbedMessage,!1),l.addEventListener(\"DOMContentLoaded\",function(){for(var e,t,s=l.querySelectorAll(\"iframe.wp-embedded-content\"),r=0;r<s.length;r++)(t=(e=s[r]).getAttribute(\"data-secret\"))||(t=Math.random().toString(36).substring(2,12),e.src+=\"#?secret=\"+t,e.setAttribute(\"data-secret\",t)),e.contentWindow.postMessage({message:\"ready\",secret:t},\"*\")},!1)))}(window,document);\n\/\/# sourceURL=https:\/\/www.cargo-montreal.ca\/wp-includes\/js\/wp-embed.min.js\n\/* ]]> *\/\n<\/script>\n","thumbnail_url":"https:\/\/www.cargo-montreal.ca\/wp-content\/uploads\/2022\/02\/Journaux-1160x768-1.jpg","thumbnail_width":1160,"thumbnail_height":768,"description":"Voici quelques articles d&rsquo;int\u00e9r\u00eat pour notre secteur. Si vous avez des nouvelles \u00e0 diffuser concernant la logistique et le transport de marchandises, n&rsquo;h\u00e9sitez pas \u00e0 nous les faire parvenir. Le ministre des Transports annonce les copr\u00e9sidents du Groupe de travail national sur la cha\u00eene d\u2019approvisionnement R\u00e9sum\u00e9 du budget provincial 2022 \u2013 Transport Groupe Morneau &#8211; [&hellip;]"}

Voici quelques articles d&rsquo;intérêt pour notre secteur. Si vous avez des nouvelles à diffuser concernant la logistique et le transport de marchandises, n&rsquo;hésitez pas à nous les faire parvenir. Le ministre des Transports annonce les coprésidents du Groupe de travail national sur la chaîne d’approvisionnement Résumé du budget provincial 2022 – Transport Groupe Morneau &#8211; [&hellip;]
