{"version":"1.0","provider_name":"CargoM","provider_url":"https:\/\/www.cargo-montreal.ca\/fr\/","author_name":"Karine Dudognon","author_url":"https:\/\/www.cargo-montreal.ca\/fr\/author\/karine\/","title":"Tarifs douaniers - CargoM","type":"rich","width":600,"height":338,"html":"<blockquote class=\"wp-embedded-content\" data-secret=\"dC8eUAyAcN\"><a href=\"https:\/\/www.cargo-montreal.ca\/fr\/tarifs-douaniers\/\">Tarifs douaniers<\/a><\/blockquote><iframe sandbox=\"allow-scripts\" security=\"restricted\" src=\"https:\/\/www.cargo-montreal.ca\/fr\/tarifs-douaniers\/embed\/#?secret=dC8eUAyAcN\" width=\"600\" height=\"338\" title=\"\u00ab\u00a0Tarifs douaniers\u00a0\u00bb &#8212; CargoM\" data-secret=\"dC8eUAyAcN\" frameborder=\"0\" marginwidth=\"0\" marginheight=\"0\" scrolling=\"no\" class=\"wp-embedded-content\"><\/iframe><script type=\"text\/javascript\">\n\/* <![CDATA[ *\/\n\/*! This file is auto-generated *\/\n!function(d,l){\"use strict\";l.querySelector&&d.addEventListener&&\"undefined\"!=typeof URL&&(d.wp=d.wp||{},d.wp.receiveEmbedMessage||(d.wp.receiveEmbedMessage=function(e){var t=e.data;if((t||t.secret||t.message||t.value)&&!\/[^a-zA-Z0-9]\/.test(t.secret)){for(var s,r,n,a=l.querySelectorAll('iframe[data-secret=\"'+t.secret+'\"]'),o=l.querySelectorAll('blockquote[data-secret=\"'+t.secret+'\"]'),c=new RegExp(\"^https?:$\",\"i\"),i=0;i<o.length;i++)o[i].style.display=\"none\";for(i=0;i<a.length;i++)s=a[i],e.source===s.contentWindow&&(s.removeAttribute(\"style\"),\"height\"===t.message?(1e3<(r=parseInt(t.value,10))?r=1e3:~~r<200&&(r=200),s.height=r):\"link\"===t.message&&(r=new URL(s.getAttribute(\"src\")),n=new URL(t.value),c.test(n.protocol))&&n.host===r.host&&l.activeElement===s&&(d.top.location.href=t.value))}},d.addEventListener(\"message\",d.wp.receiveEmbedMessage,!1),l.addEventListener(\"DOMContentLoaded\",function(){for(var e,t,s=l.querySelectorAll(\"iframe.wp-embedded-content\"),r=0;r<s.length;r++)(t=(e=s[r]).getAttribute(\"data-secret\"))||(t=Math.random().toString(36).substring(2,12),e.src+=\"#?secret=\"+t,e.setAttribute(\"data-secret\",t)),e.contentWindow.postMessage({message:\"ready\",secret:t},\"*\")},!1)))}(window,document);\n\/\/# sourceURL=https:\/\/www.cargo-montreal.ca\/wp-includes\/js\/wp-embed.min.js\n\/* ]]> *\/\n<\/script>\n","thumbnail_url":"https:\/\/www.cargo-montreal.ca\/wp-content\/uploads\/2025\/02\/DEC1-scaled.jpg","thumbnail_width":2560,"thumbnail_height":1920,"description":"\u00c0 la suite du report, en mars, de l&rsquo;imposition des tarifs douaniers sur les importations en provenance du Canada annonc\u00e9e par l\u2019administration am\u00e9ricaine et en pr\u00e9vision de r\u00e9ponses potentielles de nos gouvernements, CargoM souhaite vous informer des actions entreprises jusqu\u2019\u00e0 pr\u00e9sent. En continu : rencontres des membres, collecte d\u2019informations et anticipation des r\u00e9percussions sur le [&hellip;]"}

À la suite du report, en mars, de l&rsquo;imposition des tarifs douaniers sur les importations en provenance du Canada annoncée par l’administration américaine et en prévision de réponses potentielles de nos gouvernements, CargoM souhaite vous informer des actions entreprises jusqu’à présent. En continu : rencontres des membres, collecte d’informations et anticipation des répercussions sur le [&hellip;]
