{"id":13009,"date":"2022-03-29T01:30:28","date_gmt":"2022-03-29T01:30:28","guid":{"rendered":"https:\/\/www.cargo-montreal.ca\/wp-content\/uploads\/2022\/03\/1609964883174.jpg"},"modified":"2022-03-29T01:30:28","modified_gmt":"2022-03-29T01:30:28","slug":"1609964883174","status":"inherit","type":"attachment","link":"https:\/\/www.cargo-montreal.ca\/fr\/concours-des-fonds-damorcage-du-quebec-pres-de-17-m-investis-dans-le-fonds-bleu-vision-capital\/attachment\/1609964883174\/","title":{"rendered":"1609964883174"},"author":39,"featured_media":0,"comment_status":"","ping_status":"closed","template":"","meta":{"_acf_changed":false},"class_list":["post-13009","attachment","type-attachment","status-inherit","hentry"],"acf":[],"yoast_head":"<!-- This site is optimized with the Yoast SEO plugin v27.3 - https:\/\/yoast.com\/product\/yoast-seo-wordpress\/ -->\n<title>1609964883174 - CargoM<\/title>\n<meta name=\"robots\" content=\"index, follow, max-snippet:-1, max-image-preview:large, max-video-preview:-1\" \/>\n<link rel=\"canonical\" href=\"https:\/\/www.cargo-montreal.ca\/fr\/concours-des-fonds-damorcage-du-quebec-pres-de-17-m-investis-dans-le-fonds-bleu-vision-capital\/attachment\/1609964883174\/\" \/>\n<meta property=\"og:locale\" content=\"fr_FR\" \/>\n<meta property=\"og:type\" content=\"article\" \/>\n<meta property=\"og:title\" content=\"1609964883174 - CargoM\" \/>\n<meta property=\"og:url\" content=\"https:\/\/www.cargo-montreal.ca\/fr\/concours-des-fonds-damorcage-du-quebec-pres-de-17-m-investis-dans-le-fonds-bleu-vision-capital\/attachment\/1609964883174\/\" \/>\n<meta property=\"og:site_name\" content=\"CargoM\" \/>\n<meta property=\"og:image\" content=\"https:\/\/www.cargo-montreal.ca\/wp-content\/uploads\/2022\/03\/1609964883174.jpg\" \/>\n\t<meta property=\"og:image:width\" content=\"200\" \/>\n\t<meta property=\"og:image:height\" content=\"200\" \/>\n\t<meta property=\"og:image:type\" content=\"image\/jpeg\" \/>\n<meta name=\"twitter:card\" content=\"summary_large_image\" \/>\n<script type=\"application\/ld+json\" class=\"yoast-schema-graph\">{\"@context\":\"https:\\\/\\\/schema.org\",\"@graph\":[{\"@type\":\"WebPage\",\"@id\":\"https:\\\/\\\/www.cargo-montreal.ca\\\/fr\\\/concours-des-fonds-damorcage-du-quebec-pres-de-17-m-investis-dans-le-fonds-bleu-vision-capital\\\/attachment\\\/1609964883174\\\/\",\"url\":\"https:\\\/\\\/www.cargo-montreal.ca\\\/fr\\\/concours-des-fonds-damorcage-du-quebec-pres-de-17-m-investis-dans-le-fonds-bleu-vision-capital\\\/attachment\\\/1609964883174\\\/\",\"name\":\"1609964883174 - CargoM\",\"isPartOf\":{\"@id\":\"https:\\\/\\\/www.cargo-montreal.ca\\\/fr\\\/#website\"},\"datePublished\":\"2022-03-29T01:30:28+00:00\",\"breadcrumb\":{\"@id\":\"https:\\\/\\\/www.cargo-montreal.ca\\\/fr\\\/concours-des-fonds-damorcage-du-quebec-pres-de-17-m-investis-dans-le-fonds-bleu-vision-capital\\\/attachment\\\/1609964883174\\\/#breadcrumb\"},\"inLanguage\":\"fr-FR\",\"potentialAction\":[{\"@type\":\"ReadAction\",\"target\":[\"https:\\\/\\\/www.cargo-montreal.ca\\\/fr\\\/concours-des-fonds-damorcage-du-quebec-pres-de-17-m-investis-dans-le-fonds-bleu-vision-capital\\\/attachment\\\/1609964883174\\\/\"]}]},{\"@type\":\"BreadcrumbList\",\"@id\":\"https:\\\/\\\/www.cargo-montreal.ca\\\/fr\\\/concours-des-fonds-damorcage-du-quebec-pres-de-17-m-investis-dans-le-fonds-bleu-vision-capital\\\/attachment\\\/1609964883174\\\/#breadcrumb\",\"itemListElement\":[{\"@type\":\"ListItem\",\"position\":1,\"name\":\"Home\",\"item\":\"https:\\\/\\\/www.cargo-montreal.ca\\\/fr\\\/\"},{\"@type\":\"ListItem\",\"position\":2,\"name\":\"Concours des fonds d&#8217;amor\u00e7age du Qu\u00e9bec &#8211; Pr\u00e8s de 17 M$ investis dans le fonds Bleu Vision Capital\",\"item\":\"https:\\\/\\\/www.cargo-montreal.ca\\\/fr\\\/concours-des-fonds-damorcage-du-quebec-pres-de-17-m-investis-dans-le-fonds-bleu-vision-capital\\\/\"},{\"@type\":\"ListItem\",\"position\":3,\"name\":\"1609964883174\"}]},{\"@type\":\"WebSite\",\"@id\":\"https:\\\/\\\/www.cargo-montreal.ca\\\/fr\\\/#website\",\"url\":\"https:\\\/\\\/www.cargo-montreal.ca\\\/fr\\\/\",\"name\":\"CargoM\",\"description\":\"La mission de CargoM: Rassembler les acteurs de la logistique &amp; du transport de marchandises du Grand Montr\u00e9al autour d&#039;objectifs communs, d&#039;actions concert\u00e9es\",\"potentialAction\":[{\"@type\":\"SearchAction\",\"target\":{\"@type\":\"EntryPoint\",\"urlTemplate\":\"https:\\\/\\\/www.cargo-montreal.ca\\\/fr\\\/?s={search_term_string}\"},\"query-input\":{\"@type\":\"PropertyValueSpecification\",\"valueRequired\":true,\"valueName\":\"search_term_string\"}}],\"inLanguage\":\"fr-FR\"}]}<\/script>\n<!-- \/ Yoast SEO plugin. -->","yoast_head_json":{"title":"1609964883174 - CargoM","robots":{"index":"index","follow":"follow","max-snippet":"max-snippet:-1","max-image-preview":"max-image-preview:large","max-video-preview":"max-video-preview:-1"},"canonical":"https:\/\/www.cargo-montreal.ca\/fr\/concours-des-fonds-damorcage-du-quebec-pres-de-17-m-investis-dans-le-fonds-bleu-vision-capital\/attachment\/1609964883174\/","og_locale":"fr_FR","og_type":"article","og_title":"1609964883174 - CargoM","og_url":"https:\/\/www.cargo-montreal.ca\/fr\/concours-des-fonds-damorcage-du-quebec-pres-de-17-m-investis-dans-le-fonds-bleu-vision-capital\/attachment\/1609964883174\/","og_site_name":"CargoM","og_image":[{"width":200,"height":200,"url":"https:\/\/www.cargo-montreal.ca\/wp-content\/uploads\/2022\/03\/1609964883174.jpg","type":"image\/jpeg"}],"twitter_card":"summary_large_image","schema":{"@context":"https:\/\/schema.org","@graph":[{"@type":"WebPage","@id":"https:\/\/www.cargo-montreal.ca\/fr\/concours-des-fonds-damorcage-du-quebec-pres-de-17-m-investis-dans-le-fonds-bleu-vision-capital\/attachment\/1609964883174\/","url":"https:\/\/www.cargo-montreal.ca\/fr\/concours-des-fonds-damorcage-du-quebec-pres-de-17-m-investis-dans-le-fonds-bleu-vision-capital\/attachment\/1609964883174\/","name":"1609964883174 - CargoM","isPartOf":{"@id":"https:\/\/www.cargo-montreal.ca\/fr\/#website"},"datePublished":"2022-03-29T01:30:28+00:00","breadcrumb":{"@id":"https:\/\/www.cargo-montreal.ca\/fr\/concours-des-fonds-damorcage-du-quebec-pres-de-17-m-investis-dans-le-fonds-bleu-vision-capital\/attachment\/1609964883174\/#breadcrumb"},"inLanguage":"fr-FR","potentialAction":[{"@type":"ReadAction","target":["https:\/\/www.cargo-montreal.ca\/fr\/concours-des-fonds-damorcage-du-quebec-pres-de-17-m-investis-dans-le-fonds-bleu-vision-capital\/attachment\/1609964883174\/"]}]},{"@type":"BreadcrumbList","@id":"https:\/\/www.cargo-montreal.ca\/fr\/concours-des-fonds-damorcage-du-quebec-pres-de-17-m-investis-dans-le-fonds-bleu-vision-capital\/attachment\/1609964883174\/#breadcrumb","itemListElement":[{"@type":"ListItem","position":1,"name":"Home","item":"https:\/\/www.cargo-montreal.ca\/fr\/"},{"@type":"ListItem","position":2,"name":"Concours des fonds d&#8217;amor\u00e7age du Qu\u00e9bec &#8211; Pr\u00e8s de 17 M$ investis dans le fonds Bleu Vision Capital","item":"https:\/\/www.cargo-montreal.ca\/fr\/concours-des-fonds-damorcage-du-quebec-pres-de-17-m-investis-dans-le-fonds-bleu-vision-capital\/"},{"@type":"ListItem","position":3,"name":"1609964883174"}]},{"@type":"WebSite","@id":"https:\/\/www.cargo-montreal.ca\/fr\/#website","url":"https:\/\/www.cargo-montreal.ca\/fr\/","name":"CargoM","description":"La mission de CargoM: Rassembler les acteurs de la logistique &amp; du transport de marchandises du Grand Montr\u00e9al autour d&#039;objectifs communs, d&#039;actions concert\u00e9es","potentialAction":[{"@type":"SearchAction","target":{"@type":"EntryPoint","urlTemplate":"https:\/\/www.cargo-montreal.ca\/fr\/?s={search_term_string}"},"query-input":{"@type":"PropertyValueSpecification","valueRequired":true,"valueName":"search_term_string"}}],"inLanguage":"fr-FR"}]}},"description":{"rendered":"<p class=\"attachment\"><a href='https:\/\/www.cargo-montreal.ca\/wp-content\/uploads\/2022\/03\/1609964883174.jpg'><img loading=\"lazy\" decoding=\"async\" width=\"200\" height=\"200\" src=\"https:\/\/www.cargo-montreal.ca\/wp-content\/uploads\/2022\/03\/1609964883174.jpg\" class=\"attachment-medium size-medium\" alt=\"\" srcset=\"https:\/\/www.cargo-montreal.ca\/wp-content\/uploads\/2022\/03\/1609964883174.jpg 200w, https:\/\/www.cargo-montreal.ca\/wp-content\/uploads\/2022\/03\/1609964883174-150x150.jpg 150w\" sizes=\"auto, (max-width: 200px) 100vw, 200px\" \/><\/a><\/p>\n"},"caption":{"rendered":""},"alt_text":"","media_type":"image","mime_type":"image\/jpeg","media_details":{"width":200,"height":200,"file":"2022\/03\/1609964883174.jpg","sizes":{"thumbnail":{"file":"1609964883174-150x150.jpg","width":150,"height":150,"mime_type":"image\/jpeg","source_url":"https:\/\/www.cargo-montreal.ca\/wp-content\/uploads\/2022\/03\/1609964883174-150x150.jpg"},"full":{"file":"1609964883174.jpg","width":200,"height":200,"mime_type":"image\/jpeg","source_url":"https:\/\/www.cargo-montreal.ca\/wp-content\/uploads\/2022\/03\/1609964883174.jpg"}},"image_meta":{"aperture":"0","credit":"","camera":"","caption":"","created_timestamp":"0","copyright":"","focal_length":"0","iso":"0","shutter_speed":"0","title":"","orientation":"0","keywords":[]}},"post":13008,"source_url":"https:\/\/www.cargo-montreal.ca\/wp-content\/uploads\/2022\/03\/1609964883174.jpg","_links":{"self":[{"href":"https:\/\/www.cargo-montreal.ca\/fr\/wp-json\/wp\/v2\/media\/13009","targetHints":{"allow":["GET"]}}],"collection":[{"href":"https:\/\/www.cargo-montreal.ca\/fr\/wp-json\/wp\/v2\/media"}],"about":[{"href":"https:\/\/www.cargo-montreal.ca\/fr\/wp-json\/wp\/v2\/types\/attachment"}],"author":[{"embeddable":true,"href":"https:\/\/www.cargo-montreal.ca\/fr\/wp-json\/wp\/v2\/users\/39"}],"replies":[{"embeddable":true,"href":"https:\/\/www.cargo-montreal.ca\/fr\/wp-json\/wp\/v2\/comments?post=13009"}],"wp:attached-to":[{"embeddable":true,"post_type":"post","id":13008,"href":"https:\/\/www.cargo-montreal.ca\/fr\/wp-json\/wp\/v2\/posts\/13008"}],"curies":[{"name":"wp","href":"https:\/\/api.w.org\/{rel}","templated":true}]}}

<!-- This site is optimized with the Yoast SEO plugin v27.3 - https://yoast.com/product/yoast-seo-wordpress/ -->
<title>1609964883174 - CargoM</title>
<meta name="robots" content="index, follow, max-snippet:-1, max-image-preview:large, max-video-preview:-1" />
<link rel="canonical" href="https://www.cargo-montreal.ca/fr/concours-des-fonds-damorcage-du-quebec-pres-de-17-m-investis-dans-le-fonds-bleu-vision-capital/attachment/1609964883174/" />
<meta property="og:locale" content="fr_FR" />
<meta property="og:type" content="article" />
<meta property="og:title" content="1609964883174 - CargoM" />
<meta property="og:url" content="https://www.cargo-montreal.ca/fr/concours-des-fonds-damorcage-du-quebec-pres-de-17-m-investis-dans-le-fonds-bleu-vision-capital/attachment/1609964883174/" />
<meta property="og:site_name" content="CargoM" />
<meta property="og:image" content="https://www.cargo-montreal.ca/wp-content/uploads/2022/03/1609964883174.jpg" />
	<meta property="og:image:width" content="200" />
	<meta property="og:image:height" content="200" />
	<meta property="og:image:type" content="image/jpeg" />
<meta name="twitter:card" content="summary_large_image" />
<script type="application/ld+json" class="yoast-schema-graph">{"@context":"https:\/\/schema.org","@graph":[{"@type":"WebPage","@id":"https:\/\/www.cargo-montreal.ca\/fr\/concours-des-fonds-damorcage-du-quebec-pres-de-17-m-investis-dans-le-fonds-bleu-vision-capital\/attachment\/1609964883174\/","url":"https:\/\/www.cargo-montreal.ca\/fr\/concours-des-fonds-damorcage-du-quebec-pres-de-17-m-investis-dans-le-fonds-bleu-vision-capital\/attachment\/1609964883174\/","name":"1609964883174 - CargoM","isPartOf":{"@id":"https:\/\/www.cargo-montreal.ca\/fr\/#website"},"datePublished":"2022-03-29T01:30:28+00:00","breadcrumb":{"@id":"https:\/\/www.cargo-montreal.ca\/fr\/concours-des-fonds-damorcage-du-quebec-pres-de-17-m-investis-dans-le-fonds-bleu-vision-capital\/attachment\/1609964883174\/#breadcrumb"},"inLanguage":"fr-FR","potentialAction":[{"@type":"ReadAction","target":["https:\/\/www.cargo-montreal.ca\/fr\/concours-des-fonds-damorcage-du-quebec-pres-de-17-m-investis-dans-le-fonds-bleu-vision-capital\/attachment\/1609964883174\/"]}]},{"@type":"BreadcrumbList","@id":"https:\/\/www.cargo-montreal.ca\/fr\/concours-des-fonds-damorcage-du-quebec-pres-de-17-m-investis-dans-le-fonds-bleu-vision-capital\/attachment\/1609964883174\/#breadcrumb","itemListElement":[{"@type":"ListItem","position":1,"name":"Home","item":"https:\/\/www.cargo-montreal.ca\/fr\/"},{"@type":"ListItem","position":2,"name":"Concours des fonds d&#8217;amorçage du Québec &#8211; Près de 17 M$ investis dans le fonds Bleu Vision Capital","item":"https:\/\/www.cargo-montreal.ca\/fr\/concours-des-fonds-damorcage-du-quebec-pres-de-17-m-investis-dans-le-fonds-bleu-vision-capital\/"},{"@type":"ListItem","position":3,"name":"1609964883174"}]},{"@type":"WebSite","@id":"https:\/\/www.cargo-montreal.ca\/fr\/#website","url":"https:\/\/www.cargo-montreal.ca\/fr\/","name":"CargoM","description":"La mission de CargoM: Rassembler les acteurs de la logistique &amp; du transport de marchandises du Grand Montréal autour d&#039;objectifs communs, d&#039;actions concertées","potentialAction":[{"@type":"SearchAction","target":{"@type":"EntryPoint","urlTemplate":"https:\/\/www.cargo-montreal.ca\/fr\/?s={search_term_string}"},"query-input":{"@type":"PropertyValueSpecification","valueRequired":true,"valueName":"search_term_string"}}],"inLanguage":"fr-FR"}]}</script>
<!-- / Yoast SEO plugin. -->

Concours des fonds d&#8217;amorçage du Québec &#8211; Près de 17 M$ investis dans le fonds Bleu Vision Capital

La mission de CargoM: Rassembler les acteurs de la logistique &amp; du transport de marchandises du Grand Montréal autour d&#039;objectifs communs, d&#039;actions concertées
